. Determine o(z).
-1
Let l(a) = -a**3 - 2*a**2 - 5*a - 10. Suppose 4*x - 10 = n, -12 = n - 391*x + 386*x. What is l(n)?
0
Let j(p) = 9*p**2 - 5*p + 23. Let b(w) = -2*w**2 - w - 2. Let q(h) = -5*b(h) - j(h). Give q(-12).
11
Let y(u) = -3*u - u + 0*u - 6. Suppose 43 - 33 = 2*i + 2*r, 3*i - r + 21 = 0. Give y(i).
10
Suppose 18*j + 17*j - 7*j = -0*j. Let t(a) be the third derivative of -13*a**2 + j + 3/10*a**5 - 1/24*a**4 + 1/6*a**3 + 0*a. Determine t(1).
18
Let h = -5786 + 5790. Suppose -4*v + 12 = -v. Let u(x) = -5*x**2 - v + x + 5*x**2 + x**3 - 3*x**2. Calculate u(h).
16
Let t(f) = 29*f - 30. Let s = 973 - 972. Give t(s).
-1
Suppose -20*j = 320 + 100. Let v(w) = -w + 2. Calculate v(j).
23
Let k(f) = f + f**3 - f**2 - 3 + 6 + 0*f. Suppose 339 - 6063 = 6*b. Let c = 954 + b. Give k(c).
3
Suppose -13*v + 17*v + 22 = 15*v. Let h(f) be the first derivative of 0*f - 23 - 2/3*f**3 + 1/2*f**v + 1/2*f**4. Determine h(2).
10
Let w be 36/(-16)*2 + 1/(-2). Let t be (-2)/(-10)*20/(-10)*w. Suppose 4*d - 3 = -v, -2*v = -3*v - t*d + 3. Let f(i) = -i**3 + 3*i**2 + 2*i + 2. Give f(v).
8
Let p(t) be the second derivative of -t**5/20 - 7*t**4/12 - 7*t**3/2 - 85*t**2/2 - 1515*t. Give p(-6).
5
Suppose 6*t = -24*t + 270. Let a(m) = 3*m**2 - t - 7*m - 19 + 31 - 5*m**2 - 13. Determine a(-4).
-14
Let k(c) = 16*c + 11. Let s(r) = r**3 - 8*r**2 - 29*r + 10. Let y be s(-3). What is k(y)?
-21
Let f(k) = -k - 3. Let r be f(-5). Let w(s) = -r*s**2 + 3*s**2 - 32*s - 3 + 26*s. Let u(h) = -h**2 - h - 1. Let z(v) = -2*u(v) - w(v). Calculate z(-7).
-2
Let r(n) be the third derivative of n**6/360 - n**5/15 - 7*n**4/12 + 115*n**3/6 - 30*n**2. Let u(b) be the first derivative of r(b). Calculate u(10).
6
Let k be (0 + 5/2)/(23/46). Suppose 11 = c - 0. Suppose 5*g + 17 = 2*b - 6, k*g + b + c = 0. Let w(j) = -j**3 - 3*j**2 + j - 3. What is w(g)?
-6
Let u(p) = -p - 11. Let x be u(12). Let v = x + 20. Let h(d) = 2*d + 4. What is h(v)?
-2
Let k(a) be the third derivative of a**4/24 - 14*a**3/3 + 3239*a**2 - 2. Calculate k(27).
-1
Let b(h) be the second derivative of -h**4/12 - 2*h**3 + 5*h**2/2 + 8720*h. Suppose -3*l - 41 = 2*f, f + 2*l + 33 = 10. Calculate b(f).
-8
Let x(u) = -11*u**2 - 24 - u**3 + 0*u**3 + 11. Let g be x(-11). Let f = g + 20. Let a(v) = v**2 - 8*v + 6. Calculate a(f).
-1
Let u(x) = -2*x + 37. Suppose -h + v - 1 = -6, 45 = 2*h + 5*v. Give u(h).
17
Let f(o) = 13*o**3 + 58*o**2 - 63*o - 221. Let q(v) = 10*v**3 + 57*v**2 - 62*v - 222. Let s(t) = 3*f(t) - 4*q(t). Determine s(-55).
5
Let a(o) = o - 10. Let l(d) = -2*d + 9. Let q(b) = 3*a(b) + 4*l(b). Suppose 0 = -2*s, 2*r - 6*r + 544 = -2*s. Let p = -132 + r. What is q(p)?
-14
Suppose -b - 41 = -3*d, -95*b + 90*b - 191 = -d. Let q(t) = t + 43. Determine q(b).
5
Let g(c) be the first derivative of c**5/60 + c**4/4 - 5*c**3/6 - c**2/2 + 20*c - 70. Let r(f) be the second derivative of g(f). Give r(-8).
11
Let o(l) = 277*l**2 - 6*l - 833*l**2 + 281*l**2 + 274*l**2 - 3. Let b = -34 - -20. Let y = b + 10. Give o(y).
5
Let n(d) = -24*d + 436. Let t(k) = 8*k - 145. Let p(q) = 6*n(q) + 17*t(q). Let h be p(18). Let c(f) = -f**2 + 10*f. What is c(h)?
21
Let g = -1073 - -1076. Let w(k) = -k**3 - k. Let x(s) = -3*s**3 + 6*s**2 - 5*s - 3. Let b(v) = 2*w(v) - x(v). Give b(g).
-15
Let b(m) = m**3 + 6*m**2 - 5*m - 21. Let u = 7915 + -7921. Calculate b(u).
9
Let t(r) be the second derivative of r**4/12 - 3*r**3/2 - r**2 + r. Suppose 1173 = 107*p + 21*p + 149. What is t(p)?
-10
Let m(o) = -16*o + 1. Suppose -31*p - 119 = -48*p. Let h(i) = -8*i**2 + 56*i + 1. Let w be h(p). Determine m(w).
-15
Let s = -60 + 62. Suppose -4*t - s + 1 = u, -u + 1 = 2*t. Suppose 20 = u*h + 29. Let f(l) = 2*l**2 - 2. Calculate f(h).
16
Suppose 11*l - 170 + 1633 = 0. Let t = -196 - l. Let w be t/(-7)*2/(-3). Let i(k) = 2*k**2 + 10*k + 8. What is i(w)?
20
Let k(j) = -4*j**2 - 41*j - 2. Suppose -24*w - 46*w - 1010 = 31*w. What is k(w)?
8
Let b(l) = 723*l - 355*l - 369*l + 2. Suppose z + 10 = 3*z. Determine b(z).
-3
Let f(r) = 48*r + 33*r + 48*r + 33 + 40*r - 152*r. Calculate f(-2).
-1
Let c(z) = 4*z - 15 + 4*z - 5*z. Let m(j) = 2*j - 7. Let d(n) = -3*c(n) + 7*m(n). Suppose 4*i - 4*o + 12 = 48, -2*o = -13*i - 15. Give d(i).
-19
Let p(a) = -5*a**3 - 73*a**2 + 103*a - 125. Let i(q) = 2*q**3 + 25*q**2 - 34*q + 42. Let j(k) = -8*i(k) - 3*p(k). Determine j(17).
-12
Suppose -510*o + 17697 = -1551*o. Let k(r) = 2*r**2 - 10 - 3*r**2 - 14 - 18*r. What is k(o)?
-7
Let y(b) = b**2 + 16*b + 10. Let g(l) = 2*l**2 + 54*l + 204. Let x be g(-5). What is y(x)?
10
Let o(k) = -25*k + 50. Let p(b) = -2*b**2 + 87*b + 331. Let d be p(47). Determine o(d).
0
Let z(t) = t**2 - 9*t - 29. Suppose 3*q + 98 = -4*q + 14*q. Calculate z(q).
41
Let x(s) = s**3 - 3*s**2 - s + 4. Suppose 2*k = 5*l - 121, -5*l + k + 14 = -104. Suppose -l = -5*u - 8. What is x(u)?
1
Let g be 1*(4 + -3)*-1. Let w be ((-4)/(-2))/2*g. Let b(u) = 5*u**2 + u + 1. Let a(o) = 6*o**3 + 8*o**2 + 2*o + 3. Let h(j) = -a(j) + 2*b(j). Determine h(w).
7
Let y(b) = -3*b + b + 2 + b**3 - b - 3*b**2. Let l(p) = -24*p**3 + 216*p**2 - 29*p + 264. Let d be l(9). What is y(d)?
-7
Let n(v) = v**2 - 5*v + 5. Let p be n(5). Let d(z) = 1 + p*z**2 - 3 + 1. Let t(l) = -l**3 - 102*l**2 - 486*l - 6. Let i be t(-5). Calculate d(i).
4
Let q(b) = -b**3 - 8*b**2 - 78*b - 313. Let s be q(-5). Let i(o) = -7*o**2 + 7*o - 8. What is i(s)?
-22
Let k be ((-3)/1)/(((-12)/45)/(-4)). Let a = 58 + k. Let u(x) = 10 + 18*x - a*x - 6*x. Calculate u(7).
3
Let d(o) be the second derivative of o**5/10 + o**4/2 - o**3 + 3*o**2/2 - 3*o - 22. Give d(-5).
-67
Let m(w) be the first derivative of -33 + 1/2*w**2 + w. Give m(-3).
-2
Let w(n) be the first derivative of 0*n**2 - 79 + 0*n + 2/3*n**3. Give w(2).
8
Let p(d) = -d**3 - d**2 - d. Let v(y) = 2*y. Let k be v(0). Let o(j) = -2*j + 4. Let h be o(k). Suppose -18 = h*c - 14. What is p(c)?
1
Suppose -5*f + 16 = -9. Let i(g) = 31 + 35 + 3*g + 31 - 135 + 39. Give i(f).
16
Let d be (-3)/(-9) - (4 + (-8673)/9). Let y(j) = j**3 - 1 + 17 + 5*j + 952*j**2 - d*j**2. Calculate y(7).
2
Let d(c) = c**2 + 5*c + 5. Let b be d(6). Let g(p) = 0*p**2 + 2*p**2 + 2*p**2 - 5 + b*p - 3*p**2 - 66*p. Suppose -z + 4*x = 7 + 11, 5*z + 24 = -2*x. Give g(z).
1
Let z(s) = 3283 - 11*s + 8*s - 11*s - 3314. Calculate z(-3).
11
Let r(i) = 2*i + 0*i + 0*i - 1 - 5*i**2. Let t = -35021 - -35022. Calculate r(t).
-4
Let w be 7*(4/4)/1 + -5. Suppose -8 - 1 = -3*v - 5*n, 3*v + w*n = 9. Let c(j) = 4 + 0 - 2 + 1 - j. What is c(v)?
0
Let v(q) be the first derivative of -q**6/45 + q**5/120 - 5*q**3 - 23. Let n(g) be the third derivative of v(g). Determine n(-1).
-9
Let i(h) = h**2 + 11*h - 1. Let j(x) be the second derivative of 0 - 4*x + 0*x**2 + 1/6*x**3. Let w(z) = i(z) - 2*j(z). Calculate w(-9).
-1
Let f(y) = -y**3 + 11*y**2 + 11*y + 3. Let r be (-72)/3*(-84)/168. What is f(r)?
-9
Let o(d) = -d**3 + d**2 + 6*d - 1. Let g be o(0). Let l(s) = -5*s**2 - 9*s + 10. Let u(c) = -2*c**2 - c + 2. Let f(a) = g*l(a) + 3*u(a). Give f(6).
-4
Let v(k) be the first derivative of k**2/2 - k - 4. Let y be v(-2). Let d(u) = 25*u + 7. Let w(p) = 11*p + 3. Let s(m) = 4*d(m) - 9*w(m). Determine s(y).
-2
Suppose 3*q + 30*s - 49 = 28*s, 12 = q + 5*s. Let v(o) = -3*o**3 + 50*o**2 + 21*o - 55. What is v(q)?
13
Let l(z) = 2*z**3 + 10*z**2 + 6*z + 37. Let v be l(-5). Let m(o) = 3*o - 27. Give m(v).
-6
Let f = 5 - 5. Suppose f = -52*m + 47*m + 10. Let j(r) be the second derivative of -3*r**5/20 + r**4/6 - r**3/3 + 10*r. What is j(m)?
-20
Let g be 7/(28/12) + -13. Let r(v) = v**2 + 9*v. Let f be r(g). Suppose 11*b - 6*b + f = 0. Let d(o) = 2*o**2 - o - 2. Determine d(b).
8
Let c = 58 - 58. Let j be 138/15 + (c - 4/20). Suppose 0 = j*d - 6*d - 9. Let p(n) = 2*n - 1. Calculate p(d).
5
Let s(y) = -830*y - 38999. Let v be s(-47). Let o(w) = 3*w**2 + 19*w + 7. Let b(j) = 2*j**2 + 9*j + 3. Let u(z) = 5*b(z) - 3*o(z). Calculate u(v).
-17
Let i(q) = 2*q**2 + q - 1. Let j(x) be the third derivative of -x**6/120 - 4*x**5/15 - 25*x**4/24 + 43*x**3/6 + 281*x**2. Let r be j(-14). Determine i(r).
2
Let p(m) = -m**2 - 8*m + 24. Let l be p(-10). Suppose l*g + 13 = 37. Let j(x) be the second derivative of x**4/6 - 3*x**3/2 + x**2 - 19*x. Determine j(g).
20
Let g(n) = 37*n**3 + 50*n**2 + 37*n + 56. Let z(u) 